v(p) = 149*p - 4032. Determine v(27).
-9
Let c(m) = m**2 - 35*m - 163. Determine c(-6).
83
Let w(g) = g**2 - 34*g - 92. Give w(-7).
195
Let d(h) = -2*h**2 - 1413*h - 5637. Calculate d(-4).
-17
Let v(m) = -2*m**3 - 93*m**2 + 20*m - 1263. Give v(-47).
6
Let f(w) = 19*w - 22. Give f(0).
-22
Let t(j) = -2*j**2 - 42*j - 208. Determine t(-9).
8
Let k(h) = -18*h**2 - 252*h - 1. Determine k(-14).
-1
Let z(t) = -22*t**2 + 100*t + 521. Give z(-5).
-529
Let n(p) = p**2 + 8*p - 236. Determine n(-23).
109
Let g(q) = q**2 + 33*q - 101. What is g(7)?
179
Let r(n) = 59*n + 11389. What is r(-193)?
2
Let w(t) = -t**2 - 16*t + 286. What is w(-27)?
-11
Let x(f) = 5*f**2 + 111*f + 24. Calculate x(-22).
2
Let h(g) = -708*g + 15489. Determine h(22).
-87
Let i(l) = 1107*l + 15485. What is i(-14)?
-13
Let y(w) = 157*w + 7666. Calculate y(-49).
-27
Let v(y) = y**3 + y**2 + y + 39. What is v(-4)?
-13
Let o(n) = -39*n + 1140. Determine o(29).
9
Let v(j) = 3*j**3 + 9*j**2 - 11*j - 42. Calculate v(-4).
-46
Let s(n) = 181*n + 10306. Give s(-57).
-11
Let y(q) = 4*q**2 + 541*q + 697. Give y(-134).
27
Let k(j) = j**2 + 13*j + 33. Give k(-7).
-9
Let x(s) = -195*s + 487. What is x(3)?
-98
Let x(h) = -h**2 - 27*h - 26. What is x(-24)?
46
Let w(m) = -m**2 - 9*m + 81. Determine w(-15).
-9
Let r(t) = -13*t**2 - 70*t - 4. What is r(-5)?
21
Let f(m) = -m**2 + 544*m + 2188. Determine f(-4).
-4
Let u(v) = 890*v - 139728. What is u(157)?
2
Let d(q) = q**3 - 10*q**2 + 24*q - 53. Determine d(8).
11
Let k(v) = -2390*v + 4779. Determine k(2).
-1
Let i(o) = o**3 - 6*o**2 - 11*o + 28. Calculate i(6).
-38
Let f(k) = 15*k**2 - 15*k - 627. Determine f(7).
3
Let b(s) = -35*s**2 - 170*s + 43. Calculate b(-5).
18
Let y(k) = -k**2 - 25*k + 1728. Calculate y(-56).
-8
Let j(t) = -37*t**3 + 4*t**2 - 6*t + 4. Determine j(2).
-288
Let g(o) = o**3 - 8*o**2 + 21*o - 5. Determine g(6).
49
Let b(d) = -d**3 - 75*d**2 + 90*d + 587. What is b(-76)?
-477
Let p(r) = -3*r**2 - 38*r + 73. What is p(-15)?
-32
Let d(q) = 44*q + 154. Calculate d(-4).
-22
Let v(g) = -101*g**2 - 653*g - 291. Determine v(-6).
-9
Let g(a) = 5*a**2 + 51*a + 31. Determine g(-8).
-57
Let q(v) = 53*v - 7180. Determine q(135).
-25
Let q(y) = y**3 + 4*y**2 + y + 9. Determine q(-4).
5
Let k(z) = z**2 + 89*z - 11589. Determine k(72).
3
Let r(z) = -z**2 + 34*z - 61. Calculate r(29).
84
Let t(a) = 113*a**2 - 145*a - 147. Give t(-1).
111
Let z(w) = -4*w**3 + 58*w**2 + 100*w - 82. Give z(16).
-18
Let h(p) = -2*p**2 + 53*p + 541. What is h(35)?
-54
Let u(i) = 82*i + 72. Determine u(-1).
-10
Let g(r) = r**2 + 40*r + 189. What is g(-10)?
-111
Let m(q) = -13*q + 64. Determine m(4).
12
Let s(c) = -4*c**3 - 16*c. What is s(4)?
-320
Let d(m) = -m**3 - 5*m**2 + 10*m - 13. Calculate d(-7).
15
Let y(k) = -133*k**2 + 8*k + 9. Determine y(-1).
-132
Let u(c) = 8*c**2 + 252*c + 578. Give u(-29).
-2
Let h(q) = q**3 - 18*q**2 - 17*q - 46. Give h(19).
-8
Let v(m) = -4*m + 36. Determine v(10).
-4
Let i(o) = -36*o**2 + 293*o + 286. Calculate i(9).
7
Let t(u) = 204*u + 800. Determine t(-4).
-16
Let o(r) = 157*r + 1722. What is o(-11)?
-5
Let s(b) = 6*b - 88. Determine s(7).
-46
Let a(l) = -2*l**3 + 23*l**2 + 10*l + 11. Give a(12).
-13
Let y(d) = 59*d + 939. Give y(-15).
54
Let t(h) = 6*h**2 + 22*h + 7. Determine t(-3).
-5
Let c(a) = -6*a**2 + 192*a + 41. Determine c(32).
41
Let c(y) = 399*y + 1589. What is c(-4)?
-7
Let x(l) = 28*l - 209. Calculate x(6).
-41
Let s(g) = 12*g**2 - 12*g + 9. Determine s(1).
9
Let d(f) = -f**3 + 153*f**2 + 955*f - 150. Calculate d(159).
9
Let b(d) = -5292*d - 47627. Determine b(-9).
1
Let h(u) = -8*u**3 - 2*u**2 + 3*u - 2. Determine h(1).
-9
Let h(f) = -f**3 + 3*f**2 + 100*f - 475. Calculate h(8).
5
Let z(n) = -7*n - 101. Determine z(-17).
18
Let v(b) = -7*b**2 + 41*b + 49. Determine v(9).
-149
Let c(m) = 3*m**3 - 3*m**2 - 8*m + 10. Determine c(-3).
-74
Let s(r) = -r**3 + 19*r**2 - 20*r + 25. Calculate s(19).
-355
Let q(a) = a**2 - 13*a - 7. Give q(0).
-7
Let p(t) = -t**3 - t**2 + 10*t + 17. What is p(-5)?
67
Let z(b) = -18*b**2 - 8*b + 1. What is z(5)?
-489
Let j(b) = 149*b + 1575. Determine j(-11).
-64
Let m(l) = 27*l**3 + 8*l**2 + l - 1. Calculate m(-1).
-21
Let q(v) = 4261*v + 4263. Give q(-1).
2
Let w(h) = -18*h + 129. Give w(7).
3
Let b(s) = -25*s**2 - 174*s + 7. Give b(-7).
0
Let x(h) = 15*h**2 - 1863*h + 374. Give x(124).
2
Let u(p) = -2*p**2 + 12*p + 30. Give u(10).
-50
Let a(y) = -5*y**3 + 40*y**2 + 40*y - 8. What is a(9)?
-53
Let h(a) = a**2 + 57*a + 816. Give h(-18).
114
Let g(q) = 1338*q + 5362. What is g(-4)?
10
Let o(n) = 7102*n - 28423. Determine o(4).
-15
Let d(v) = v**3 - 48*v**2 - 38*v - 385. Determine d(49).
154
Let m(f) = f**3 - 17*f**2 + 55*f - 28. Give m(5).
-53
Let p(g) = 20*g - 181. What is p(10)?
19
Let l(i) = 221*i - 236. Determine l(3).
427
Let h(l) = -18*l**2 - 53*l + 96. Give h(2).
-82
Let h(s) = -s**3 + 20*s**2 - 59*s + 132. Give h(17).
-4
Let d(g) = -617*g - 4324. Give d(-7).
-5
Let o(a) = -a**3 - 23*a**2 - 41*a - 38. Determine o(-21).
-59
Let r(b) = -b**3 + 8*b**2 + 64*b + 2. Calculate r(13).
-11
Let f(t) = 3*t**3 + 7*t**2 - t - 12. Determine f(-2).
-6
Let q(g) = -2*g**2 - 176*g - 2088. Give q(-74).
-16
Let m(r) = -r**3 + 23*r**2 - 95*r + 362. Calculate m(19).
1
Let h(i) = 2*i**2 - 598*i + 43997. Determine h(131).
-19
Let c(z) = -z**2 - 37*z - 338. Give c(-17).
2
Let q(r) = 257*r + 5133. Calculate q(-20).
-7
Let d(g) = 18*g**2 + 702*g + 23. What is d(-39)?
23
Let m(f) = 55*f**2 + 14*f + 5. What is m(3)?
542
Let p(o) = 4*o - 20. What is p(-21)?
-104
Let i(n) = n**3 - 95*n**2 + 96*n - 183. Give i(94).
5
Let u(m) = -4*m**2 - 14*m - 12. Determine u(-10).
-272
Let i(q) = 252*q**2 - 22683*q + 260. Calculate i(90).
-10
Let h(q) = -3*q**2 + 15*q + 24. Determine h(15).
-426
Let q(d) = -d**3 + 11*d**2 - 47*d + 24. Determine q(5).
-61
Let h(g) = 8*g**2 + 83*g + 506. Determine h(-6).
296
Let l(r) = -r**3 - 24*r**2 - 43*r + 90. Determine l(-22).
68
Let w(l) = -837*l**2 + 11*l - 11. Determine w(1).
-837
Let x(m) = -75*m - 3908. Calculate x(-52).
-8
Let l(j) = j**3 - 36*j**2 + 182*j + 13. Determine l(30).
73
Let k(q) = -33*q - 80. Give k(-4).
52
Let h(t) = 34*t**3 + t**2 - 48*t - 94. Give h(-2).
-266
Let a(p) = p**3 - 32*p**2 + 60*p - 42. Determine a(30).
-42
Let t(v) = 925*v + 1865. Give t(-2).
15
Let n(d) = d**2 - 30*d + 178. Determine n(23).
17
Let r(s) = 97*s + 186. What is r(-1)?
89
Let p(l) = -2*l**2 - 194*l - 1611. Give p(-9).
-27
Let g(b) = b**3 + 2*b**2 - 29*b - 18. What is g(5)?
12
Let y(d) = 683*d + 7509. Determine y(-11).
-4
Let y(p) = 24*p + 550. Calculate y(-26).
-74
Let c(y) = -54*y + 1345. Calculate c(26).
-59
Let z(q) = q**3 + 36*q**2 + 63*q - 2086. Determine z(-32).
-6
Let b(s) = s**2 - 59*s - 4672. Calculate b(104).
8
Let v(f) = 2*f**2 + 115*f + 268. Determine v(-58).
326
Let r(u) = 2*u**3 + 4*u**2 + 16*u + 2. Determine r(0).
2
Let g(z) = -z - 56. Give g(-13).
-43
Let g(i) = -4*i**2 + 54*i + 55. Determine g(-1).
-3
Let o(i) = -534*i - 7926. Give o(-15).
84
Let b(a) = -a**3 + 182*a**2 + 196*a - 2378. Give b(183).
1
Let m(w) = -w**3 + 30*w**2 - 118*w - 65. Determine m(25).
110
Let z(b) = b**3 + 18*b**2 + 33*b - 37. What is z(-16)?
-53
Let v(b) = 2*b**3 - 123*b**2 + 66*b - 321. Determine v(61).
-16
Let g(h) = -2*h**3 - 3*h**2 - 2*h. Give g(3).
-87
Let f(u) = 18*u - 1244. Give f(73).
70
Let u(k) = 440*k - 2993. Determine u(7).
87
Let u(a) = -160*a + 1185. Calculate u(8).
-95
Let c(a) = a**2 + 4*a - 65. Give c(16).
255
Let o(x) = x**3 + 17*x**2 + 61*x + 63. Give o(-10).
153
Let s(t) = t**3 - 69*t**2 - 287*t - 39. Calculate s(73).
326
Let h(i) = 2*i**2 - 66*i - 753. What is h(42)?
3
Let n(y) = 2*y**3 + 126*y**2 - y - 54. Determine n(-63).
9
Let w(g) = 2*g**3 - 43*g**2 - 67*g + 43. What is w(23)?
89
Let q(m) = 13*m**2 - 7*m - 49. Determine q(-8).
839
Let z(x) = -80*x - 1647. What is z(-22)?
113
Let n(g) = 40*g - 181. Calculate n(5).
19
Let o(g) = -g**2 - 49*g + 1759. Determine o(-73).
7
Let v(u) = u**3 + 4*u**2 - 9*u - 24. What is v(-4)?
12
Let n(a) = 6991*a + 13979. Calculate n(-2).
-3
Let n(p) = -p**3 - 17*p**2 + 8*p + 54. Determine n(-17).
-82
Let g(z) = 6*z**2 + 27*z + 17. Determine g(-4).
5
Let a(y) = 1081*y - 82177. Determine a(76).
-21
Let h(j) = -j**3 + 2*j**2 + 68*j - 261. Calculate h(5).
4
Let h(f